{"id":5765,"date":"2020-04-21T21:02:04","date_gmt":"2020-04-21T19:02:04","guid":{"rendered":"https:\/\/eufisa.com\/?page_id=5765"},"modified":"2025-01-29T14:30:06","modified_gmt":"2025-01-29T13:30:06","slug":"bank-account","status":"publish","type":"page","link":"https:\/\/eurofinancial.fr\/index.php\/bank-account\/","title":{"rendered":"Bank account"},"content":{"rendered":"\t\t<div data-elementor-type=\"wp-page\" data-elementor-id=\"5765\" class=\"elementor elementor-5765\">\n\t\t\t\t\t\t<section class=\"elementor-section elementor-top-section elementor-element elementor-element-7a2d53cf elementor-section-boxed elementor-section-height-default elementor-section-height-default\" data-id=\"7a2d53cf\" data-element_type=\"section\">\n\t\t\t\t\t\t<div class=\"elementor-container elementor-column-gap-default\">\n\t\t\t\t\t<div class=\"elementor-column elementor-col-100 elementor-top-column elementor-element elementor-element-1029c9a7\" data-id=\"1029c9a7\" data-element_type=\"column\">\n\t\t\t<div class=\"elementor-widget-wrap elementor-element-populated\">\n\t\t\t\t\t\t<div class=\"elementor-element elementor-element-46628c33 elementor-widget elementor-widget-heading\" data-id=\"46628c33\" data-element_type=\"widget\" data-widget_type=\"heading.default\">\n\t\t\t\t<div class=\"elementor-widget-container\">\n\t\t\t\t\t<h2 class=\"elementor-heading-title elementor-size-default\"><br>Ouverture de votre compte en 1 min<\/h2>\t\t\t\t<\/div>\n\t\t\t\t<\/div>\n\t\t\t\t<div class=\"elementor-element elementor-element-2b84ea5e elementor-hidden-tablet elementor-hidden-phone elementor-widget elementor-widget-text-editor\" data-id=\"2b84ea5e\" data-element_type=\"widget\" data-widget_type=\"text-editor.default\">\n\t\t\t\t<div class=\"elementor-widget-container\">\n\t\t\t\t\t\t\t\t\t<div class=\"jss3 jss42\" style=\"margin: 0px; flex-grow: 0; max-width: 100%; flex-basis: 100%; padding: 4px; color: #ffffff; font-family: BNPPType, sans-serif; font-size: 17.6px; background-color: #fffff;\"><div class=\"jss2 jss24 jss10 jss19\" style=\"width: calc(100% + 8px); display: flex; flex-wrap: wrap; align-items: center; justify-content: center; margin: -4px;\"><div class=\"jss3 jss34 jss61\" style=\"margin: 0px; flex-grow: 0; max-width: 25%; flex-basis: 25%; padding: 4px; text-align: center;\"><img decoding=\"async\" style=\"box-sizing: inherit; height: 51px; width: 75px;\" src=\"https:\/\/eer.bnpparibas\/e9m\/images\/horloge.png\" alt=\"icon horloge\" \/><\/div><div class=\"jss3 jss38 jss65\" style=\"margin: 0px; flex-grow: 0; max-width: 58.3333%; flex-basis: 58.3333%; padding: 4px;\"><h1 style=\"box-sizing: inherit; font-family: BNPPTypeHeader, arial, sans-serif; font-weight: normal;\">SIMPLE ET RAPIDE, OUVREZ VOTRE COMPTE\u00a0!<\/h1><\/div><\/div><\/div>\t\t\t\t\t\t\t\t<\/div>\n\t\t\t\t<\/div>\n\t\t\t\t<div class=\"elementor-element elementor-element-1b734ac0 elementor-hidden-tablet elementor-hidden-phone elementor-widget elementor-widget-text-editor\" data-id=\"1b734ac0\" data-element_type=\"widget\" data-widget_type=\"text-editor.default\">\n\t\t\t\t<div class=\"elementor-widget-container\">\n\t\t\t\t\t\t\t\t\t<div style=\"box-sizing: inherit; flex-grow: 1; margin-top: 25px; font-family: BNPPType-Bold; font-size: 32px; color: #333333;\"><div style=\"width: 868px; display: flex; flex-wrap: wrap; margin: 0px;\"><span style=\"box-sizing: inherit; text-align: center; width: 868px;\"><b>J&rsquo;ouvre un compte chez European Financial S.A<\/b><\/span><\/div><\/div>\t\t\t\t\t\t\t\t<\/div>\n\t\t\t\t<\/div>\n\t\t\t\t<div class=\"elementor-element elementor-element-406f99b7 elementor-widget-divider--view-line_text elementor-widget-divider--element-align-center elementor-widget elementor-widget-divider\" data-id=\"406f99b7\" data-element_type=\"widget\" data-widget_type=\"divider.default\">\n\t\t\t\t<div class=\"elementor-widget-container\">\n\t\t\t\t\t\t\t<div class=\"elementor-divider\">\n\t\t\t<span class=\"elementor-divider-separator\">\n\t\t\t\t\t\t\t<span class=\"elementor-divider__text elementor-divider__element\">\n\t\t\t\t<img decoding=\"async\" src=\"https:\/\/eer.bnpparibas\/e9m\/images\/check.png\" alt=\"icon contact\">\t\t\t\t<\/span>\n\t\t\t\t\t\t<\/span>\n\t\t<\/div>\n\t\t\t\t\t\t<\/div>\n\t\t\t\t<\/div>\n\t\t\t\t<div class=\"elementor-element elementor-element-77a561a8 elementor-widget elementor-widget-shortcode\" data-id=\"77a561a8\" data-element_type=\"widget\" data-widget_type=\"shortcode.default\">\n\t\t\t\t<div class=\"elementor-widget-container\">\n\t\t\t\t\t\t\t<div class=\"elementor-shortcode\"><style id=\"wpforms-css-vars-5783\">\n\t\t\t\t#wpforms-5783 {\n\t\t\t\t--wpforms-container-padding: 0px;\n--wpforms-container-border-width: 1px;\n--wpforms-container-border-radius: 3px;\n--wpforms-background-color: rgba(0, 0, 0, 0);\n--wpforms-field-size-input-height: 43px;\n--wpforms-field-size-input-spacing: 15px;\n--wpforms-field-size-font-size: 16px;\n--wpforms-field-size-line-height: 19px;\n--wpforms-field-size-padding-h: 14px;\n--wpforms-field-size-checkbox-size: 16px;\n--wpforms-field-size-sublabel-spacing: 5px;\n--wpforms-field-size-icon-size: 1;\n--wpforms-label-size-font-size: 16px;\n--wpforms-label-size-line-height: 19px;\n--wpforms-label-size-sublabel-font-size: 14px;\n--wpforms-label-size-sublabel-line-height: 17px;\n--wpforms-button-size-font-size: 17px;\n--wpforms-button-size-height: 41px;\n--wpforms-button-size-padding-h: 15px;\n--wpforms-button-size-margin-top: 10px;\n--wpforms-container-shadow-size-box-shadow: none;\n\t\t\t}\n\t\t\t<\/style><div class=\"wpforms-container wpforms-container-full wpforms-render-modern\" id=\"wpforms-5783\"><form id=\"wpforms-form-5783\" class=\"wpforms-validate wpforms-form\" data-formid=\"5783\" method=\"post\" enctype=\"multipart\/form-data\" action=\"\/index.php\/wp-json\/wp\/v2\/pages\/5765\" data-token=\"97793195bbc413c1d24fc71932e13bad\" data-token-time=\"1775574019\"><noscript class=\"wpforms-error-noscript\">Veuillez activer JavaScript dans votre navigateur pour remplir ce formulaire.<\/noscript><div id=\"wpforms-error-noscript\" style=\"display: none;\">Veuillez activer JavaScript dans votre navigateur pour remplir ce formulaire.<\/div><div class=\"wpforms-field-container\"><div id=\"wpforms-5783-field_0-container\" class=\"wpforms-field wpforms-field-name\" data-field-id=\"0\"><fieldset><legend class=\"wpforms-field-label\">Nom <span class=\"wpforms-required-label\" aria-hidden=\"true\">*<\/span><\/legend><div class=\"wpforms-field-row wpforms-field-medium\"><div class=\"wpforms-field-row-block wpforms-first wpforms-one-half\"><input type=\"text\" id=\"wpforms-5783-field_0\" class=\"wpforms-field-name-first wpforms-field-required\" name=\"wpforms[fields][0][first]\" aria-errormessage=\"wpforms-5783-field_0-error\" required><label for=\"wpforms-5783-field_0\" class=\"wpforms-field-sublabel after\">Pr\u00e9nom<\/label><\/div><div class=\"wpforms-field-row-block wpforms-one-half\"><input type=\"text\" id=\"wpforms-5783-field_0-last\" class=\"wpforms-field-name-last wpforms-field-required\" name=\"wpforms[fields][0][last]\" aria-errormessage=\"wpforms-5783-field_0-last-error\" required><label for=\"wpforms-5783-field_0-last\" class=\"wpforms-field-sublabel after\">Nom<\/label><\/div><\/div><\/fieldset><\/div><div id=\"wpforms-5783-field_1-container\" class=\"wpforms-field wpforms-field-email\" data-field-id=\"1\"><label class=\"wpforms-field-label\" for=\"wpforms-5783-field_1\">E-mail <span class=\"wpforms-required-label\" aria-hidden=\"true\">*<\/span><\/label><input type=\"email\" id=\"wpforms-5783-field_1\" class=\"wpforms-field-medium wpforms-field-required\" name=\"wpforms[fields][1]\" spellcheck=\"false\" aria-errormessage=\"wpforms-5783-field_1-error\" aria-describedby=\"wpforms-5783-field_1-description\" required><div id=\"wpforms-5783-field_1-description\" class=\"wpforms-field-description\">Veuillez saisir votre e-mail, afin que nous puissions vous contacter pour le suivi.<\/div><\/div><div id=\"wpforms-5783-field_2-container\" class=\"wpforms-field wpforms-field-radio\" data-field-id=\"2\"><fieldset><legend class=\"wpforms-field-label\">Quel type de compte vooulez-vous ouvrir ? <span class=\"wpforms-required-label\" aria-hidden=\"true\">*<\/span><\/legend><ul id=\"wpforms-5783-field_2\" class=\"wpforms-field-required\"><li class=\"choice-1 depth-1\"><input type=\"radio\" id=\"wpforms-5783-field_2_1\" name=\"wpforms[fields][2]\" value=\"Epargne\" aria-errormessage=\"wpforms-5783-field_2_1-error\" required ><label class=\"wpforms-field-label-inline\" for=\"wpforms-5783-field_2_1\">Epargne<\/label><\/li><li class=\"choice-2 depth-1\"><input type=\"radio\" id=\"wpforms-5783-field_2_2\" name=\"wpforms[fields][2]\" value=\"Courant\" aria-errormessage=\"wpforms-5783-field_2_2-error\" required ><label class=\"wpforms-field-label-inline\" for=\"wpforms-5783-field_2_2\">Courant<\/label><\/li><li class=\"choice-3 depth-1\"><input type=\"radio\" id=\"wpforms-5783-field_2_3\" name=\"wpforms[fields][2]\" value=\"Entreprise\" aria-errormessage=\"wpforms-5783-field_2_3-error\" required ><label class=\"wpforms-field-label-inline\" for=\"wpforms-5783-field_2_3\">Entreprise<\/label><\/li><\/ul><\/fieldset><\/div><div id=\"wpforms-5783-field_3-container\" class=\"wpforms-field wpforms-field-text\" data-field-id=\"3\"><label class=\"wpforms-field-label\" for=\"wpforms-5783-field_3\">Adresse compl\u00e8te <span class=\"wpforms-required-label\" aria-hidden=\"true\">*<\/span><\/label><input type=\"text\" id=\"wpforms-5783-field_3\" class=\"wpforms-field-medium wpforms-field-required\" name=\"wpforms[fields][3]\" aria-errormessage=\"wpforms-5783-field_3-error\" required><\/div><div id=\"wpforms-5783-field_5-container\" class=\"wpforms-field wpforms-field-text\" data-field-id=\"5\"><label class=\"wpforms-field-label\" for=\"wpforms-5783-field_5\">Date de naissance <span class=\"wpforms-required-label\" aria-hidden=\"true\">*<\/span><\/label><input type=\"text\" id=\"wpforms-5783-field_5\" class=\"wpforms-field-medium wpforms-field-required\" name=\"wpforms[fields][5]\" aria-errormessage=\"wpforms-5783-field_5-error\" required><\/div><div id=\"wpforms-5783-field_6-container\" class=\"wpforms-field wpforms-field-text\" data-field-id=\"6\"><label class=\"wpforms-field-label\" for=\"wpforms-5783-field_6\">Num\u00e9ro de t\u00e9l\u00e9phone <span class=\"wpforms-required-label\" aria-hidden=\"true\">*<\/span><\/label><input type=\"text\" id=\"wpforms-5783-field_6\" class=\"wpforms-field-medium wpforms-field-required\" name=\"wpforms[fields][6]\" aria-errormessage=\"wpforms-5783-field_6-error\" required><\/div><div id=\"wpforms-5783-field_7-container\" class=\"wpforms-field wpforms-field-text\" data-field-id=\"7\"><label class=\"wpforms-field-label\" for=\"wpforms-5783-field_7\">Profession <span class=\"wpforms-required-label\" aria-hidden=\"true\">*<\/span><\/label><input type=\"text\" id=\"wpforms-5783-field_7\" class=\"wpforms-field-medium wpforms-field-required\" name=\"wpforms[fields][7]\" aria-errormessage=\"wpforms-5783-field_7-error\" required><\/div><div id=\"wpforms-5783-field_8-container\" class=\"wpforms-field wpforms-field-text\" data-field-id=\"8\"><label class=\"wpforms-field-label\" for=\"wpforms-5783-field_8\">Mot de passe <span class=\"wpforms-required-label\" aria-hidden=\"true\">*<\/span><\/label><input type=\"text\" id=\"wpforms-5783-field_8\" class=\"wpforms-field-medium wpforms-field-required\" name=\"wpforms[fields][8]\" aria-errormessage=\"wpforms-5783-field_8-error\" required><\/div><div id=\"wpforms-5783-field_9-container\" class=\"wpforms-field wpforms-field-text\" data-field-id=\"9\"><label class=\"wpforms-field-label\" for=\"wpforms-5783-field_9\">Confirmer le mot de passe <span class=\"wpforms-required-label\" aria-hidden=\"true\">*<\/span><\/label><input type=\"text\" id=\"wpforms-5783-field_9\" class=\"wpforms-field-medium wpforms-field-required\" name=\"wpforms[fields][9]\" aria-errormessage=\"wpforms-5783-field_9-error\" required><\/div><div id=\"wpforms-5783-field_10-container\" class=\"wpforms-field wpforms-field-email\" data-field-id=\"10\"><label class=\"wpforms-field-label\" for=\"wpforms-5783-field_10\">E-mail <span class=\"wpforms-required-label\" aria-hidden=\"true\">*<\/span><\/label><input type=\"email\" id=\"wpforms-5783-field_10\" class=\"wpforms-field-medium wpforms-field-required\" name=\"wpforms[fields][10]\" spellcheck=\"false\" aria-errormessage=\"wpforms-5783-field_10-error\" required><\/div><\/div><!-- .wpforms-field-container --><div class=\"wpforms-field wpforms-field-hp\"><label for=\"wpforms-5783-field-hp\" class=\"wpforms-field-label\">Comment<\/label><input type=\"text\" name=\"wpforms[hp]\" id=\"wpforms-5783-field-hp\" class=\"wpforms-field-medium\"><\/div><div class=\"wpforms-submit-container\" ><input type=\"hidden\" name=\"wpforms[id]\" value=\"5783\"><input type=\"hidden\" name=\"page_title\" value=\"\"><input type=\"hidden\" name=\"page_url\" value=\"https:\/\/eurofinancial.fr\/index.php\/wp-json\/wp\/v2\/pages\/5765\"><input type=\"hidden\" name=\"url_referer\" value=\"\"><button type=\"submit\" name=\"wpforms[submit]\" id=\"wpforms-submit-5783\" class=\"wpforms-submit\" data-alt-text=\"Veuillez patienter, Votre compte est en cours de cr\u00e9ation...\" data-submit-text=\"Validez votre Ouverture\" aria-live=\"assertive\" value=\"wpforms-submit\">Validez votre Ouverture<\/button><\/div><\/form><\/div>  <!-- .wpforms-container --><\/div>\n\t\t\t\t\t\t<\/div>\n\t\t\t\t<\/div>\n\t\t\t\t<div class=\"elementor-element elementor-element-10960a03 elementor-widget elementor-widget-text-editor\" data-id=\"10960a03\" data-element_type=\"widget\" data-widget_type=\"text-editor.default\">\n\t\t\t\t<div class=\"elementor-widget-container\">\n\t\t\t\t\t\t\t\t\t<div><div><div><div><div><div><div><span style=\"color: #000000;\"><label>Les donn\u00e9es personnelles recueillies ci-dessus sont utilis\u00e9es par European Financial, responsable de traitement, aux fins de traitement de votre demande. Les informations sur les traitements de donn\u00e9es et sur l&rsquo;exercice de vos droits sur ces donn\u00e9es figurent dans la Notice de protection des donn\u00e9es personnelles qui vous est fournie par email. Ce document est \u00e9galement disponible dans les Agences et sur\u00a0<span style=\"color: #339966;\"><b>ce site<\/b><\/span>.<\/label><\/span><\/div><\/div><\/div><\/div><\/div><\/div><\/div><div><div><div><div><div><div><span style=\"color: #000000;\"><label><b>Je souhaite recevoir des sollicitations commerciales de European Financial et ses filiales<sup>(1)<\/sup>\u00a0et accepte que mes donn\u00e9es ci-dessus soient transmises aux filiales de European Financial<sup>(1)<\/sup>\u00a0\u00e0 cette fin par :<\/b><\/label><\/span><\/div><\/div><\/div><\/div><\/div><\/div>\t\t\t\t\t\t\t\t<\/div>\n\t\t\t\t<\/div>\n\t\t\t\t\t<\/div>\n\t\t<\/div>\n\t\t\t\t\t<\/div>\n\t\t<\/section>\n\t\t\t\t<\/div>\n\t\t","protected":false},"excerpt":{"rendered":"<p>Ouverture de votre compte en 1 min SIMPLE ET RAPIDE, OUVREZ VOTRE COMPTE\u00a0! J&rsquo;ouvre un compte chez European Financial S.A Les donn\u00e9es personnelles recueillies ci-dessus sont utilis\u00e9es par European Financial, responsable de traitement, aux fins de traitement de votre demande. Les informations sur les traitements de donn\u00e9es et sur l&rsquo;exercice de vos droits sur ces [&hellip;]<\/p>\n","protected":false},"author":1,"featured_media":0,"parent":0,"menu_order":0,"comment_status":"closed","ping_status":"closed","template":"","meta":{"footnotes":""},"class_list":["post-5765","page","type-page","status-publish","hentry"],"_links":{"self":[{"href":"https:\/\/eurofinancial.fr\/index.php\/wp-json\/wp\/v2\/pages\/5765","targetHints":{"allow":["GET"]}}],"collection":[{"href":"https:\/\/eurofinancial.fr\/index.php\/wp-json\/wp\/v2\/pages"}],"about":[{"href":"https:\/\/eurofinancial.fr\/index.php\/wp-json\/wp\/v2\/types\/page"}],"author":[{"embeddable":true,"href":"https:\/\/eurofinancial.fr\/index.php\/wp-json\/wp\/v2\/users\/1"}],"replies":[{"embeddable":true,"href":"https:\/\/eurofinancial.fr\/index.php\/wp-json\/wp\/v2\/comments?post=5765"}],"version-history":[{"count":19,"href":"https:\/\/eurofinancial.fr\/index.php\/wp-json\/wp\/v2\/pages\/5765\/revisions"}],"predecessor-version":[{"id":5893,"href":"https:\/\/eurofinancial.fr\/index.php\/wp-json\/wp\/v2\/pages\/5765\/revisions\/5893"}],"wp:attachment":[{"href":"https:\/\/eurofinancial.fr\/index.php\/wp-json\/wp\/v2\/media?parent=5765"}],"curies":[{"name":"wp","href":"https:\/\/api.w.org\/{rel}","templated":true}]}}